*z**2 + 7*z - 4. Let v be q(7). Let r(a) = 9*a**2 - 36*a - 167. Let x be r(-4). Let n(k) = -114*k + 2 + 240*k - x*k + 2*k**2. What is n(v)?
14
Let g(s) be the third derivative of s**6/120 + s**5/60 - s**4/24 + 2*s**3/3 - 127*s**2 + 5*s. Give g(-3).
-11
Let s(m) = 10*m**2 + 170*m + 48. Let b(n) = 6*n**2 + 110*n + 32. Let t(c) = 11*b(c) - 7*s(c). Give t(6).
-8
Let y(w) be the second derivative of 2*w**3/3 + 2*w**2 - 11761*w. Let q(r) = 3*r - 1. Let x be q(-2). Give y(x).
-24
Let g(q) = 12*q**2 + 56*q + 25. Let b(s) = -7*s**2 - 33*s - 12. Let i(v) = 5*b(v) + 3*g(v). Give i(0).
15
Suppose 855*j + 10 = 865*j. Let i(v) = 4*v + 1. Let p(r) = 19*r - 10. Let t(l) = j*p(l) - 4*i(l). What is t(8)?
10
Suppose 56*n = 82*n - 42 - 140. Let q(t) = -t**2 + 14*t - 52. Determine q(n).
-3
Let j(v) be the first derivative of v**2 + 5*v + 53835. Suppose r + 3*w + 9 = 0, -2*r - 5 = 3*w + 10. Calculate j(r).
-7
Suppose -48 = -3*o - 9*o. Suppose 6*t - 7*t - o = 0. Let i(u) = u**3 - 2*u**2 + u. Let d(z) = -2*z**3 + z**2 - 2*z. Let g(x) = 2*d(x) + 3*i(x). What is g(t)?
4
Let q(w) = -5*w**2 - 53*w + 42*w + w**3 + 22 + 5*w. Calculate q(5).
-8
Let f(i) be the third derivative of -i**4/24 - 41*i**3/6 - i**2 - 11. Determine f(-35).
-6
Let n(q) be the second derivative of q**4/12 + 2*q**3/3 - q**2 + q. Suppose 0*m = -3*m - u - 18, 0 = 17*m - 5*u + 70. Calculate n(m).
3
Let w(j) be the first derivative of j**3/3 - 15*j**2/2 - 13*j - 1. Let k be w(16). Let i(f) = 35*f**2 - 21*f**2 + 1 - 15*f**2 - 5*f**k. Calculate i(-1).
5
Let j(z) be the second derivative of 3*z**3/2 + 41*z**2 - 2172*z. Calculate j(-12).
-26
Let o(z) = -2149*z + 4283*z + 32 - 2141*z. Determine o(11).
-45
Let b(s) = -5*s**3 + 2*s**2 + 1. Let x(z) = -43*z**3 + 14*z**2 - 4*z + 10. Let d(l) = -7*b(l) + x(l). Calculate d(1).
-9
Suppose -4*w + 7 = -1. Let i(f) = -f + w*f**3 - 2 - 6*f**3 + 4. What is i(2)?
-32
Let n be 0 + 8 - (-32 + 43). Let g(l) = -24*l. Let h(y) = -204*y. Let j(t) = -42*g(t) + 5*h(t). Let i(k) = -6*k. Let b(c) = n*j(c) + 7*i(c). Determine b(-4).
24
Let n(m) = -m**3 + 4*m**2 + 5*m - 6. Suppose 0 = 5*r - 13 + 243. Let d = r - -39. Let c = -2 - d. What is n(c)?
-6
Let j be 94/(-18) - 2/(-9). Let y(z) = 28*z**3 - 4*z**2 - 8*z + 22. Let x be y(2). Let d(k) = -215*k**2 - 4*k + x*k**2 - k - 2. Calculate d(j).
-2
Let m be 2/4*(-6)/3. Let o(g) be the first derivative of -g**7/420 - g**6/360 + g**4/24 - 3*g**3 + 19. Let n(j) be the third derivative of o(j). What is n(m)?
2
Suppose -3*g + 1386*v = 1387*v + 52, g + 4*v = 12. Let f(k) = -k**3 - 18*k**2 + 40*k - 49. Give f(g).
-49
Let r(h) = 3*h - 2. Suppose -q + 3*q = 2. Suppose 0 = -z - 1, z + q = -b - 1. Let x be (-10)/(-45)*b + 58/18. Calculate r(x).
7
Suppose 3*k - 1418 = -4*f + k, 0 = f - 2*k - 362. Let b(m) = 364 - 716 + f - 5*m + m**2. Suppose 3 = -g - 0*g, -a = -g - 9. Give b(a).
10
Let x(g) be the third derivative of 20*g**2 - 2/3*g**3 - 7/24*g**4 - 1/60*g**5 + 0 + 0*g. Let p = 4 + -9. Calculate x(p).
6
Suppose 20 = -758*y + 748*y. Let f(s) = -12*s**2 - 4*s - 4. Give f(y).
-44
Let b(s) = s - 16. Let q = -3459 - -3463. Determine b(q).
-12
Let v(p) = -p**2 - p - 5. Suppose -3*z = z + 12. Let k(j) = j**2 + 4. Suppose -s - 2*s = 3*h + 6, 4*s = 0. Let w(b) = h*v(b) + z*k(b). What is w(3)?
-5
Suppose 78*g = 129*g - 255. Let i(t) = -t**3 + 3*t**2 + 10*t - 1. What is i(g)?
-1
Let l(q) = -5*q**2 - 6*q + 9. Let v(a) = -11*a**2 - 12*a + 19. Let k(h) = 13*l(h) - 6*v(h). Suppose 20*t - 657 - 143 = 0. Suppose 6*s + 10 = t. Give k(s).
-2
Let d = -450 - -564. Let b(y) = -d*y + y**2 + 10 - 122*y + 231*y. Calculate b(7).
24
Let u(m) = -4*m**2 - 4*m. Let a be u(0). Let g(c) be the third derivative of 0*c + 1/6*c**3 + 0 + 1/24*c**4 + 3*c**2. Calculate g(a).
1
Suppose -4*i - 8 + 0 = 0, -3*m + 4*i = -21431. Let w(q) = m - 2*q - 7141. Give w(3).
-6
Let p be 37/3 - 3 - (-29)/(-87). Let j(u) = -u**2 + 7*u + 3. Let a(s) = -s**2 + 7*s + 3. Let y(r) = 5*a(r) - 4*j(r). Calculate y(p).
-15
Let b = 61226 + -61225. Let u(i) = -27*i**3 + i - 2*i**2 + 3*i**2 - 1 + 0*i. Determine u(b).
-26
Let v(y) = 2*y**2 + 16*y + 11. Let t be v(-7). Let d be 45/30*(-16)/t. Let h(f) = -f**2 - 3*f**2 - 2*f + 12*f - 5 + 3*f**2. Calculate h(d).
11
Let p = 140 + -142. Let i be 4*-3 - -6 - p. Let z(q) = -3*q + 1. Give z(i).
13
Let p(j) = -j**2 - 17732*j + 35469*j + 25 - 17725*j. Give p(14).
-3
Let g(s) = 3*s + 67. Suppose 3968 - 690 = -149*o. Calculate g(o).
1
Let f(m) = m + 1. Let c(s) = -12*s - 2. Let b(o) = c(o) + 2*f(o). Let z(k) = -k**3 - 28*k**2 - 47*k + 131. Let l be z(-26). Determine b(l).
-10
Let j(x) = -2*x**2 - 696*x**3 - 7*x - 13 + 9 + 7 + 697*x**3. Give j(-3).
-21
Let m = 61 + -59. Let g(c) = -5*c**m - 2*c**3 + 3 + c**3 - 6*c + 2*c**3. Give g(6).
3
Let r(j) = -j**2 - 9*j - 14. Let b be 13/65 - (-38)/10. Suppose b*c - 2*g = -24, 0 = -c + 3*c + 4*g + 22. Give r(c).
0
Let p be (3 + 0)/((-3)/(-13)). Suppose 5*c - p*c + 96 = 0. Let u(i) = 4*i - i - 4*i + c - 9. Determine u(8).
-5
Let x(y) = -y**2 + 8*y + 8. Let a be x(9). Let j be (a + (-1 - (-12)/4))*19. Let g = j + -11. Let n(f) = f**2 - 9*f + 4. Calculate n(g).
-4
Let y(c) = -12*c + 61. Suppose 16*z = -73*z + 534. What is y(z)?
-11
Suppose 0 = -3*h + 3*g - 15, -3*h + 8 = -g + 23. Let w(v) = 19*v + 99. Determine w(h).
4
Let j(a) = 8*a + 36. Suppose 0 = -2*d - 16 + 6. Let v be j(d). Let p(x) = x**2 + x + 1. Let h(w) = -3*w**2 - 5*w + 3. Let c(n) = h(n) + 2*p(n). Determine c(v).
1
Let r be 14/(-4)*(5 - -2 - 5). Let n be (r/(-21))/((-2)/(-6)). Let m(z) = 3 - 2*z + n - 40*z**2 + 2 + 41*z**2. What is m(4)?
14
Let n(d) = -2*d**2 - 4. Let l = 297 + -262. Suppose 5*i + 15 - l = 0. Determine n(i).
-36
Let z = -1322 + 1331. Let q(b) = 11*b + 37 + 51 - 76 - b**2. Determine q(z).
30
Let l(u) be the first derivative of u**3/3 - u**2 - 50*u - 1916. Determine l(-6).
-2
Let f = 1 + 9. Suppose 10 = 10*s - f. Suppose -s = 2*q - 12. Let u(j) = -j + 4. Give u(q).
-1
Let h be -3 + (2 + -23)/(-1). Let u(f) = -f + h - 13 + 18. Determine u(17).
6
Let d(u) = -7*u - 2. Let r(c) = -21*c - 6. Let p(h) = -5*h - 48. Let f be p(-9). Let b(g) = f*r(g) + 8*d(g). Calculate b(-2).
-12
Let g(u) = u**3 - 15*u**2 - u + 19. Let a be g(15). Suppose l - 3 = -3*b - 2, 0 = 2*l + a*b. Let w(j) = 19*j + 2. Give w(l).
-36
Let y(s) = 2*s**2 - 18*s - 49. Let i be y(11). Let o(r) = r**3 - r + 1. Let c(q) = 4*q**3 - 5*q**2 - 3*q + 4. Let b(f) = c(f) - 5*o(f). Determine b(i).
-11
Let f(v) = 51*v + 9. Let p(w) = -90*w - 17. Let z(i) = 9*f(i) + 5*p(i). Calculate z(6).
50
Let p = 7018 + -7015. Let h(o) be the first derivative of o**2 + 0*o - 23 + 1/4*o**4 + o**p. What is h(-3)?
-6
Let r = 2894 - 2899. Let o(j) = 5*j + 3*j**2 - 7 - 3*j**2 + j**2. What is o(r)?
-7
Suppose 59 = -295*z + 293*z + 5*f, 3*z = 2*f - 39. Let x(o) be the third derivative of o**5/60 + o**4/3 - 5*o**3/6 - o**2. Determine x(z).
-12
Let p(z) be the first derivative of -z**3/3 + 17*z**2/2 - 4*z - 2631. Calculate p(17).
-4
Let p = -47 - -51. Suppose -o - p*o = 2*z - 16, 4*z - 4*o - 4 = 0. Let m(a) = -2*a**2 + 4*a - 2. What is m(z)?
-8
Let b(i) be the first derivative of -i**2 + 27*i - 1900. What is b(21)?
-15
Let c(r) = r**3 + 5*r**2 - 8*r - 4. Let p(w) = -7*w**3 - 16*w**2 + 16*w + 1. Let t be p(1). What is c(t)?
8
Suppose -8*d = 1 - 73. Let o be 11 + -2 + d + -11. Let u(f) = -2*f + 3. Determine u(o).
-11
Let v(j) be the first derivative of j**4/4 + 2*j**3 - 7*j**2 - 18*j - 1927. Calculate v(-8).
-34
Let k(l) = -7*l**2 + 5*l + 11. Let z(a) = -9 + 3*a**2 - 25*a + 4 + 22*a. Let s(v) = -4*k(v) - 9*z(v). Calculate s(-5).
-9
Suppose 2*s = l + 69, 3 = -4*l + 3*l. Let f(a) = 5*a - 32*a**3 + s*a**3 - 3*a - 4*a**2. What is f(3)?
-3
Let i(t) = 25*t**2 + 2*t + 3. Let m be i(-1). Suppose x = 3*g - 10, -m*x = -31*x - 2*g + 18. Let d(u) = 2*u**3 - 3*u**2 + 3*u. What is d(x)?
10
Let j = 166 + -165. Let t(x) = -x + 8. Let p(u) = u - 1. Let q(s) = j*t(s) + 2*p(s). Calculate q(-4).
2
Let o(x) be the second derivative of -x**4/6 - x**3/6 - x**2/2 - 9*x. Let p be 156/(-120) - ((-185)/(-50) - 4). Give o(p).
-2
Let g(y) be the first derivative of -10*y**3/3 + y**2/2 + y + 2124. What is g(1)?
-8
Let a(w) = -39*w - 767 + 24*w + 604. Determine a(-11).
2
Let b(p) = -57*p - 222. Suppose 217*m = -199 - 669. Give b(m).
6
Let g(l) = l + 5. Let x(o) = -o -